 the highest common divisor of 4 and 7652?
4
Calculate the greatest common factor of 162 and 186.
6
What is the highest common factor of 99 and 2013?
33
Calculate the highest common factor of 28 and 452.
4
Calculate the greatest common factor of 70 and 260.
10
What is the greatest common factor of 72347 and 11?
11
Calculate the greatest common divisor of 8694 and 46.
46
What is the greatest common divisor of 20467 and 422?
211
Calculate the greatest common factor of 8236 and 580.
116
What is the highest common divisor of 278 and 11?
1
What is the greatest common divisor of 179 and 11993?
179
Calculate the highest common divisor of 10 and 10.
10
What is the highest common factor of 16727 and 1167?
389
Calculate the greatest common factor of 15 and 15.
15
Calculate the highest common factor of 3131 and 101.
101
Calculate the highest common divisor of 3240 and 280.
40
Calculate the greatest common divisor of 71 and 8591.
71
Calculate the greatest common factor of 20 and 850.
10
Calculate the highest common factor of 54 and 270.
54
What is the highest common divisor of 15 and 1455?
15
What is the greatest common factor of 1287 and 22?
11
What is the greatest common divisor of 56 and 118?
2
What is the highest common factor of 369 and 1517?
41
Calculate the greatest common factor of 5 and 485.
5
What is the highest common factor of 124 and 93?
31
What is the highest common divisor of 54 and 1458?
54
Calculate the greatest common divisor of 1080 and 675.
135
What is the highest common divisor of 171 and 399?
57
Calculate the greatest common factor of 18 and 864.
18
What is the highest common factor of 351 and 832?
13
What is the highest common factor of 11494 and 98?
14
Calculate the highest common factor of 1862 and 38.
38
Calculate the greatest common divisor of 675 and 2187.
27
What is the highest common divisor of 1782 and 110?
22
Calculate the greatest common factor of 3763 and 106.
53
What is the highest common factor of 45 and 1035?
45
Calculate the greatest common divisor of 135 and 40.
5
Calculate the highest common divisor of 8 and 13.
1
What is the greatest common factor of 36 and 300?
12
Calculate the highest common factor of 71 and 497.
71
What is the greatest common factor of 92 and 5?
1
What is the highest common factor of 148 and 24?
4
What is the greatest common divisor of 639 and 153?
9
Calculate the greatest common divisor of 132 and 2992.
44
Calculate the highest common divisor of 74 and 1147.
37
What is the greatest common divisor of 2683 and 1?
1
What is the greatest common divisor of 292 and 4?
4
Calculate the greatest common divisor of 130 and 18720.
130
What is the greatest common divisor of 150 and 525?
75
Calculate the greatest common factor of 24 and 1464.
24
What is the greatest common divisor of 4345 and 55?
55
Calculate the highest common divisor of 750 and 25.
25
What is the greatest common factor of 2168 and 40?
8
Calculate the greatest common factor of 1008 and 261.
9
What is the greatest common factor of 618 and 9?
3
Calculate the highest common factor of 230 and 391.
23
Calculate the highest common factor of 4499 and 11.
11
Calculate the highest common divisor of 82 and 10742.
82
What is the highest common factor of 23676 and 12?
12
Calculate the greatest common divisor of 38 and 6251.
19
What is the highest common factor of 203 and 1798?
29
What is the highest common divisor of 7426 and 94?
94
What is the highest common divisor of 1696 and 736?
32
Calculate the greatest common factor of 276 and 1128.
12
Calculate the greatest common divisor of 25273 and 127.
127
What is the highest common divisor of 192 and 3?
3
What is the greatest common factor of 35210 and 70?
70
Calculate the highest common divisor of 158 and 42344.
158
Calculate the greatest common divisor of 276 and 759.
69
What is the greatest common factor of 56 and 6300?
28
Calculate the highest common divisor of 608 and 19.
19
What is the highest common factor of 45227 and 49?
49
What is the highest common divisor of 13456 and 16?
16
What is the highest common factor of 1469 and 533?
13
What is the highest common factor of 26 and 25246?
26
What is the greatest common divisor of 10 and 14?
2
Calculate the greatest common factor of 165 and 108.
3
What is the greatest common divisor of 2805 and 15?
15
Calculate the highest common divisor of 2592 and 729.
81
What is the greatest common divisor of 325 and 91?
13
What is the highest common factor of 854 and 366?
122
What is the highest common factor of 30136 and 16?
8
What is the highest common divisor of 2212 and 28?
28
Calculate the highest common divisor of 864 and 96.
96
Calculate the greatest common divisor of 8 and 346.
2
What is the greatest common divisor of 39 and 36?
3
What is the highest common factor of 964 and 17593?
241
What is the highest common factor of 7 and 847?
7
Calculate the greatest common divisor of 234 and 312.
78
Calculate the greatest common factor of 74 and 37.
37
What is the greatest common divisor of 392 and 3332?
196
Calculate the greatest common factor of 697 and 123.
41
What is the highest common divisor of 2603 and 19?
19
What is the greatest common divisor of 20 and 3980?
20
What is the greatest common divisor of 12860 and 20?
20
What is the highest common divisor of 2 and 67?
1
What is the greatest common divisor of 2135 and 35?
35
What is the highest common factor of 23184 and 56?
56
Calculate the highest common factor of 5401 and 44.
11
Calculate the greatest common factor of 8 and 136.
8
What is the greatest common divisor of 43 and 19?
1
What is the highest common divisor of 400 and 112?
16
What is the greatest common factor of 134 and 19966?
134
Calculate the greatest common factor of 18 and 21.
3
Calculate the highest common factor of 456 and 24.
24
Calculate the greatest common divisor of 33 and 1969.
11
What is the highest common factor of 624 and 6656?
208
Calculate the highest common divisor of 28 and 18676.
28
Calculate the greatest common factor of 1073 and 37.
37
What is the greatest common factor of 19 and 23921?
19
What is the greatest common divisor of 122 and 8052?
122
What is the greatest common factor of 43 and 43?
43
Calculate the highest common divisor of 29 and 667.
29
Calculate the greatest common factor of 48 and 204.
12
Calculate the highest common divisor of 38 and 209.
19
Calculate the greatest common divisor of 34 and 153.
17
What is the greatest common factor of 2686 and 474?
158
Calculate the highest common divisor of 1140 and 27075.
285
Calculate the greatest common factor of 543 and 13213.
181
Calculate the greatest common divisor of 4544 and 8.
8
What is the highest common divisor of 7861 and 7?
7
Calculate the highest common divisor of 130 and 65.
65
Calculate the highest common factor of 107 and 1177.
107
What is the highest common divisor of 24 and 2778?
6
What is the greatest common factor of 5333 and 2?
1
What is the highest common factor of 156 and 195?
39
What is the greatest common divisor of 20 and 244?
4
What is the greatest common factor of 312 and 2080?
104
Calculate the greatest common divisor of 1254 and 95.
19
What is the greatest common factor of 13427 and 203?
29
What is the greatest common factor of 196 and 2324?
28
What is the highest common factor of 84 and 189?
21
Calculate the greatest common factor of 42 and 350.
14
Calculate the greatest common factor of 69 and 161.
23
What is the highest common divisor of 74 and 111?
37
What is the greatest common divisor of 972 and 3?
3
What is the greatest common factor of 4 and 11588?
4
What is the greatest common factor of 5456 and 264?
88
What is the highest common factor of 168 and 2751?
21
Calculate the highest common divisor of 476 and 102.
34
Calculate the highest common divisor of 64 and 496.
16
Calculate the greatest common divisor of 8143 and 17.
17
What is the greatest common factor of 110 and 22?
22
Calculate the greatest common factor of 42 and 12.
6
What is the greatest common divisor of 3078 and 38?
38
Calculate the highest common factor of 11 and 22.
11
What is the highest common divisor of 3 and 762?
3
What is the highest common divisor of 632 and 40?
8
What is the greatest common factor of 135 and 405?
135
Calculate the highest common factor of 581 and 166.
8